s - 237. Determine i(4).
-5
Let j(g) = 15*g**3 + 2549*g**2 - 168*g + 311. Give j(-170).
-29
Let d(s) = 20*s**3 - 123*s**2 - 2*s + 20. Calculate d(6).
-100
Let b(f) = 239*f + 901. What is b(-5)?
-294
Let v(m) = 223*m - 4423. Determine v(19).
-186
Let y(m) = -m**2 + 243*m + 2000. Calculate y(-8).
-8
Let s(p) = 6748*p + 13501. Determine s(-2).
5
Let a(x) = -3*x**2 - 77*x + 181. Determine a(-26).
155
Let x(z) = -152*z - 8481. What is x(-56)?
31
Let h(t) = 122*t - 3. What is h(2)?
241
Let z(n) = -3131*n + 18826. Give z(6).
40
Let y(g) = 5*g**3 - 267*g**2 + 118*g - 604. Give y(53).
32
Let w(u) = u**3 - 19*u**2 - 93*u - 14. Determine w(22).
-608
Let p(r) = -r**3 + 24*r**2 - 67*r - 529. What is p(19)?
3
Let k(l) = 182*l + 29152. What is k(-160)?
32
Let a(o) = -o + 26. What is a(93)?
-67
Let m(s) = 8*s**2 - 31*s + 10. What is m(4)?
14
Let n(u) = 3*u**3 - 119*u**2 - 34*u - 253. Determine n(40).
-13
Let r(t) = -582*t - 4654. What is r(-8)?
2
Let c(v) = 8*v**3 - 73*v**2 + 67*v + 31. What is c(8)?
-9
Let p(l) = 3*l**3 - 22*l**2 + 40*l - 104. Give p(6).
-8
Let k(n) = -4*n**3 + 6*n**2 + 16*n - 147. What is k(7)?
-1113
Let n(o) = 98*o - 3526. Determine n(36).
2
Let w(j) = -5*j**2 + 17*j + 56. Give w(6).
-22
Let m(a) = 5*a**2 + 24*a + 195. Determine m(-10).
455
Let a(q) = -q**3 - 16*q**2 + 8*q + 133. Calculate a(-16).
5
Let h(v) = 755*v + 3774. Determine h(-5).
-1
Let a(n) = -n**3 - 22*n**2 + 82*n + 784. Calculate a(-24).
-32
Let o(q) = -148*q - 5. Determine o(-2).
291
Let j(y) = -y**2 + 129*y - 839. What is j(7)?
15
Let t(k) = -4*k**2 + 5*k - 6. Give t(6).
-120
Let c(z) = 47*z + 2998. Determine c(-64).
-10
Let k(x) = x**2 + 107*x + 1670. Calculate k(-88).
-2
Let u(n) = n**3 + 16*n**2 - 10*n - 23. What is u(-16)?
137
Let c(j) = 148*j**2 + 2*j - 17. Calculate c(-2).
571
Let u(p) = -198*p + 7400. Give u(37).
74
Let j(q) = q**3 + 34*q**2 - 150*q - 2. Calculate j(4).
6
Let l(p) = 97*p + 368. Give l(-4).
-20
Let i(x) = -x**3 - 4*x**2 + 152*x + 965. Calculate i(-8).
5
Let j(h) = h**2 + 20*h + 57. Give j(-15).
-18
Let u(b) = -3*b**2 - 463*b - 145. Determine u(-154).
9
Let v(r) = 42*r - 442. Determine v(0).
-442
Let w(r) = -40*r**2 + 181*r - 124. Give w(4).
-40
Let u(x) = -x**3 - 5*x**2 + 173*x + 24. Determine u(-17).
551
Let v(t) = -7*t**2 - 758*t + 11. Determine v(-109).
-534
Let y(n) = -17*n**2 + 101*n - 71. Give y(6).
-77
Let q(v) = -v**2 + 16*v - 106. Calculate q(7).
-43
Let k(f) = -f**3 - 26*f**2 + 7*f + 180. Determine k(-26).
-2
Let p(n) = -207*n + 2909. What is p(14)?
11
Let m(u) = -u**3 - 70*u**2 - 1227*u - 698. Calculate m(-39).
4
Let r(g) = g**3 - g**2 + 4*g - 11. Determine r(0).
-11
Let p(v) = 50*v - 843. Calculate p(19).
107
Let q(g) = g**2 + 8*g - 1145. Give q(-38).
-5
Let g(p) = 667*p + 73366. Determine g(-110).
-4
Let w(b) = 2*b**2 - 65*b - 138. Calculate w(36).
114
Let u(k) = 90*k + 4058. Calculate u(-45).
8
Let f(c) = c**3 + 4*c**2 - 28*c - 51. What is f(-7)?
-2
Let t(o) = o**2 + o + 15. Determine t(5).
45
Let a(b) = b**2 - 41*b + 342. Determine a(12).
-6
Let r(q) = 20*q + 40. Calculate r(-7).
-100
Let a(m) = m**3 + 14*m**2 - 23*m - 342. Determine a(-14).
-20
Let s(n) = 59*n + 2131. Give s(-36).
7
Let j(k) = -197*k**2 - 10*k + 7. What is j(1)?
-200
Let v(k) = -k**3 + 5*k**2 - 386*k + 2376. Give v(6).
24
Let z(u) = -9*u**2 - 114*u - 355. Calculate z(-6).
5
Let i(f) = f**3 - 9*f**2 - 323*f + 31. Give i(23).
8
Let v(z) = 102*z**2 - 272*z - 103. What is v(3)?
-1
Let i(a) = 200*a + 2604. Calculate i(-14).
-196
Let m(f) = 2*f**3 + 18*f**2 + 16*f + 5. What is m(-7)?
89
Let u(k) = 3*k**2 - 346*k + 7554. What is u(86)?
-14
Let f(a) = a**3 - 36*a**2 - 19*a + 691. Give f(36).
7
Let i(l) = 6*l**2 + 61*l + 91. What is i(-5)?
-64
Let c(t) = -t**3 - 38*t**2 + 81*t + 50. What is c(-40)?
10
Let n(f) = -4*f**2 + 43*f - 104. Determine n(4).
4
Let n(m) = -80*m**2 - 108*m + 107. Determine n(1).
-81
Let g(r) = -25*r**2 - 11*r + 6. Determine g(1).
-30
Let t(o) = 7*o**2 + 6*o - 16. Give t(4).
120
Let j(c) = -2*c**3 + 43*c**2 + 17*c + 123. What is j(22)?
13
Let t(z) = 50*z**2 - 138*z - 1. What is t(3)?
35
Let y(r) = r**3 - 27*r**2 + 30*r - 119. Determine y(26).
-15
Let c(o) = -8*o - 20. Calculate c(9).
-92
Let p(f) = f**3 - 21*f**2 + 186*f - 653. Determine p(8).
3
Let v(i) = -623*i + 51097. What is v(82)?
11
Let k(q) = 15*q**2 + 5850*q - 5869. What is k(-391)?
-4
Let p(h) = 2*h**3 - 73*h**2 - 109*h - 201. Give p(38).
-11
Let p(k) = 719*k + 7080. Calculate p(-10).
-110
Let k(f) = -77*f - 6. Calculate k(1).
-83
Let o(a) = 786*a - 56586. Calculate o(72).
6
Let m(z) = -371*z - 1473. What is m(-4)?
11
Let m(c) = 225*c + 4785. Give m(-21).
60
Let c(p) = p**2 - 33*p - 452. Determine c(-11).
32
Let m(n) = n**3 + 12*n**2 + 89*n - 3. Calculate m(-7).
-381
Let j(p) = p**3 - 25*p**2 + 100*p - 14. Determine j(20).
-14
Let t(w) = -2*w**2 + 5318*w - 21234. Determine t(4).
6
Let f(x) = -144*x**2 - 3025*x - 12. Determine f(-21).
9
Let c(r) = r**2 - 386*r + 7958. Calculate c(22).
-50
Let w(c) = -c**3 + 21*c**2 + 2*c + 46. Calculate w(21).
88
Let x(v) = -15*v - 109. Determine x(-14).
101
Let n(c) = -2*c**3 + 58*c**2 - 399*c + 31. Determine n(11).
-2
Let y(a) = 31581*a - 31575. Calculate y(1).
6
Let w(v) = v**3 - 6*v**2 + 99*v - 585. Give w(6).
9
Let u(h) = 11*h**2 + 97*h - 6. Determine u(-9).
12
Let u(c) = c**3 + 10*c**2 - 32*c - 225. What is u(-11)?
6
Let h(d) = 5183*d - 5185. What is h(1)?
-2
Let v(f) = -7*f**3 - 8*f - 1. Calculate v(-3).
212
Let n(p) = -54367*p + 217463. Determine n(4).
-5
Let w(c) = c**3 + 19*c**2 - 61*c - 18. Determine w(-21).
381
Let r(f) = -245*f - 989. Calculate r(-4).
-9
Let j(i) = -4451*i - 66772. Determine j(-15).
-7
Let p(o) = -o**3 + 2*o**2 + 535*o - 2610. Determine p(5).
-10
Let q(r) = -2*r**2 - 17*r + 10. Give q(-10).
-20
Let y(g) = g**3 + 24*g**2 - 49*g + 14. Give y(-26).
-64
Let w(f) = 10*f**3 + 3*f**2 + 30*f - 29. Calculate w(1).
14
Let r(q) = q**3 - 14*q**2 + 2*q - 13. Calculate r(15).
242
Let o(u) = 5*u**2 - 9*u - 17. Give o(-3).
55
Let y(u) = u**3 + 31*u**2 - 100*u + 86. Determine y(-34).
18
Let w(x) = 19*x**2 - 2*x + 439. Give w(0).
439
Let t(x) = 9*x**2 + 6*x + 8. Determine t(-3).
71
Let q(v) = -v**3 + 27*v**2 + 51*v + 104. What is q(29)?
-99
Let g(s) = -146*s + 203. What is g(0)?
203
Let b(q) = 2*q**3 + 3*q**2 + 18*q - 47. What is b(5)?
368
Let q(p) = 3*p - 174. Give q(50).
-24
Let s(b) = b**3 + 4*b**2 - 42*b - 107. Calculate s(-7).
40
Let n(j) = -966*j + 8581. Calculate n(9).
-113
Let i(h) = -74*h**3 + 2*h**2 + 96*h - 97. Calculate i(1).
-73
Let x(i) = -2112*i - 25346. Determine x(-12).
-2
Let v(n) = n**3 + 24*n**2 + 24*n + 32. What is v(-23)?
9
Let c(a) = -2*a**3 - a**2 + 31*a - 14. What is c(-5)?
56
Let o(f) = -19*f**2 - 9*f - 21. Calculate o(-2).
-79
Let g(m) = -308*m + 760. Give g(3).
-164
Let i(g) = -g**3 - 20*g**2 + 101*g + 64. What is i(-24)?
-56
Let n(f) = -248*f - 251. What is n(-4)?
741
Let o(h) = 197*h - 1386. Calculate o(7).
-7
Let t(p) = p**2 - 122*p + 2758. Give t(30).
-2
Let s(g) = -50*g + 20. What is s(-3)?
170
Let y(h) = -173*h - 1886. What is y(-11)?
17
Let i(d) = d**3 + 12*d**2 + 21*d + 571. What is i(-14)?
-115
Let t(w) = 9218*w - 18408. Calculate t(2).
28
Let t(c) = 24*c + 500. What is t(-26)?
-124
Let u(k) = -4*k**2 + 180*k + 1192. Determine u(51).
-32
Let h(w) = -5*w**3 - 8*w**2 + 23*w + 4. Determine h(-3).
-2
Let a(q) = q**2 + 71*q - 10077. What is a(71)?
5
Let a(r) = r**2 + 100*r + 382. What is a(-4)?
-2
Let y(j) = j**3 - 26*j**2 + 30*j - 90. What is y(25)?
35
Let s(q) = -q**3 - 56*q**2 - 289*q + 539. Determine s(-50).
-11
Let i(y) = -111*y + 995. Give i(9).
-4
Let i(f) = 266*f - 16759. Calculate i(63).
-1
Let u(m) = -8*m**2 + 148*m - 630. Calculate u(11).
30
Let r(h) = -1921*h - 7677. Give r(-4).
7
Let k(q) = 7*q + 148. Determine k(24).
316
Let l(k) = 76*k + 380. Calculate l(-3).
152
Let t(b) = -4*b**3 + 3*b**2 + 7*b + 3. Give t(-1).
3
Let s(x) = -95*x - 72. Calculate s(-1).
23
Let c(q) = -q**3 - 22*q**2 + 116*q + 2876. Calculate c(-21).
-1
Let c(r) = -102*r + 1219. Calculate c(12).
-5
Let n(p) = -533*p + 1100. What is n(2)?
34
Let p(k) = -k**2 + 18*k - 3. Determine p(15).
42
Let z(x) = -x**3 + 5*x**2 + 3*x + 4. Calculate z(6).
-14
Let l(i) = -5*i**3 - 5*i**2 - 10*i - 24. Calculate l(-3).
96
Let r(m) = -1344*m - 69887. De